ppose 2*r - 3*l - 116 = 0, -4*r + 253 = -y*l + 19. What is the units digit of r?
1
Let f = 9 + 80. Suppose -5*t + 4*l + 170 = 0, 3*t + 0*l - 5*l - f = 0. What is the tens digit of t?
3
Suppose -8*p + 7*p + 3 = 0. Suppose 4*r - 529 = p*z, -2*z = 4*r - z - 517. What is the tens digit of r?
3
Suppose 57 = 8*j - 159. What is the units digit of j?
7
Let z = 1152 - 820. What is the tens digit of z?
3
Let w(i) = i**2 - i + 8. Let g = -21 + 27. Let l be w(g). Suppose l - 100 = -2*m. What is the tens digit of m?
3
What is the tens digit of (-6)/57 - (-77355)/57?
5
Let k(s) = 689*s**2 - 10*s - 18. What is the thousands digit of k(-2)?
2
Let x = 10 - 8. Suppose -5*a = -5*l + 25, 2*l = 5*a - x*l + 24. Let r(t) = -t**3 - 3*t**2 - 4*t - 4. What is the tens digit of r(a)?
2
Suppose -35923 = -19*k - 6739. What is the tens digit of k?
3
Let r be 16150/57 - 8/6. Suppose -v = 4*t + v - r, 83 = t - 2*v. What is the tens digit of t?
7
Let b(r) = 61*r**2 - 3*r + 3. What is the hundreds digit of b(2)?
2
Suppose 4 = 4*v, 1481 = 4*o + 3*v - 5998. What is the units digit of o?
9
Let u(q) = 768*q**3 - 2*q**2 + 3*q - 2. What is the tens digit of u(1)?
6
Let i = 165 - 74. Let n = 161 - i. Suppose -3*p - 47 = -0*t - 2*t, 4*p + n = 3*t. What is the units digit of t?
2
Suppose -5*t + 95 = -15. Let r = t - 15. Suppose r*j - 165 = 2*j. What is the tens digit of j?
3
Suppose -d = -r + 4, -5*d + 1 + 19 = 5*r. Suppose 5*f + 2*p - 143 = 0, d*f + 5*f = 2*p + 127. What is the units digit of f?
7
Suppose -358*l + 359*l - 102 = 0. What is the units digit of l?
2
Suppose 4*d - 30 = -26. What is the tens digit of 166/(d/((-2)/(-4)))?
8
Let a(s) = 7*s - 8 - 6 + 29 + 5*s**2. What is the hundreds digit of a(-5)?
1
Let x(u) = -16*u + 70. What is the hundreds digit of x(-23)?
4
Let w = -25 + 27. Suppose 2*v = -4*y + 794, 0 = -2*y + w*v + 3*v + 367. What is the hundreds digit of y?
1
Let z be 4/6*-3 + 99/(-1). Let m = -22 - z. What is the tens digit of m?
7
Let k = -357 - -375. What is the units digit of k?
8
Let n(b) = 4*b**2 - 2*b + 4. What is the tens digit of n(11)?
6
Let i(o) = -o**3 + 5*o**2 + 3*o - 6. Let u be i(5). Let f be 6/(3*(-6)/u). What is the tens digit of f*25/(-3) - 1?
2
Suppose 0 = 4*z - 17 - 55. Suppose 3*x = -4*g + 312, -3*x - z + 411 = 5*g. What is the units digit of g?
1
Let f = -706 + 287. Let m = 587 + f. What is the units digit of m?
8
Let c(s) = -s**3 - 13*s**2 - 16*s + 8. Suppose -9 - 87 = 8*o. What is the units digit of c(o)?
6
What is the hundreds digit of 315/(-30)*762/(-9)?
8
Suppose -36*n - 15*n = -151572. What is the thousands digit of n?
2
Let z = 7026 + -3590. What is the thousands digit of z?
3
Suppose 4*w = 19*c - 14*c + 871, w - 2*c = 217. What is the tens digit of w?
1
Let g = 77 + -123. Let l be (-1)/(-1) + 178/(-2). Let v = g - l. What is the units digit of v?
2
Let y(f) be the second derivative of -f**4/12 + 11*f**3/6 + 11*f**2/2 - 11*f. What is the tens digit of y(11)?
1
Suppose 0 = 2*i - 0*i - 52. Let s = 44 - i. Let c = 22 - s. What is the units digit of c?
4
Suppose 3*h - 5*o = 2*h - 16, -4*o + 32 = 4*h. Suppose 3*z = h*z + 17. Let v = z - -52. What is the units digit of v?
5
Let x = 1884 + -1016. What is the units digit of x?
8
Let y(t) = -3*t. Let i be y(-1). Suppose 4*w = -p + 4 + 20, 0 = -4*w - 5*p + 40. Let u = w - i. What is the units digit of u?
2
Suppose -5*k = -2*b - 3*k + 1362, -4*k + 3369 = 5*b. What is the hundreds digit of b?
6
Suppose 3*y - 3*w + 48 = 0, -w = -3*y + w - 53. Suppose -37 = -5*m + 128. Let n = m + y. What is the units digit of n?
2
Let i(o) be the second derivative of o**4/4 - o**3/2 - o**2/2 - 2*o. Let w be i(3). Let u = w + -8. What is the units digit of u?
9
Let i = -26 - -17. Let u be i/18*2/(-1). What is the tens digit of u + 3/((-6)/(-122))?
6
Let x(i) = -i**2 - 2*i + 5. Let o be x(0). Suppose 58 - 192 = -2*d + 4*q, o*d = -5*q + 305. What is the units digit of d?
3
Let n(f) = -f**3 + 11*f**2 + 10*f - 22. Suppose 2*t + 5*y - 27 = 0, 0*y - 25 = -2*t - 3*y. What is the units digit of n(t)?
8
Let m = 2164 - 23. What is the units digit of m?
1
Suppose 970 = 2*u - 4*g - 3310, u - 2135 = 3*g. What is the thousands digit of u?
2
Suppose 0 = -3*n - 2*l + 142, 6*n - n - 5*l - 270 = 0. Let x = 25 - n. Let c = x - -42. What is the units digit of c?
7
Suppose -j = -3*j - 2*q + 10, -j = -q - 3. Let o(u) = -u**2 + 8*u - 9. What is the units digit of o(j)?
7
Suppose -3*y + 105 + 39 = -3*x, 5*x = -2*y + 131. What is the units digit of y?
3
Let q be (127/4)/(3/12). Suppose -5*p + t = -0*t - 283, 2*p = 5*t + q. What is the tens digit of p?
5
Suppose 308*x - 62985 = 293*x. What is the hundreds digit of x?
1
Suppose -7 = -m - 3*j, m - 8 = j + 15. Suppose 2*w = -f + 24, 9*f - 8*f - m = -w. What is the units digit of f?
4
Suppose 5*v - 40 = 20. What is the units digit of (8/v)/(8/684)?
7
Let l(q) = 10*q**2 + 5. What is the tens digit of l(-2)?
4
Let n(p) = 130*p**3 + 5*p**2 - 5*p - 1. What is the units digit of n(1)?
9
Let m(x) = x**3 + 14*x**2 - 52*x + 57. What is the units digit of m(-14)?
5
Let f be 1/(-2) - (-2)/4. Suppose f = 5*l - 61 + 11. What is the tens digit of l?
1
Suppose -5*c = -2*f + 1, 4 = -f - 0*f + c. Let p be (-4)/12 - f/3. What is the units digit of p/3 + 7/3?
3
Let m = 144 + -29. Suppose 4*n = -5*r + 255, 2*n + 6*r - m = r. Suppose -4*b + 210 = n. What is the tens digit of b?
3
Let k = -221 - -244. Let w be 13/2*2/1. Suppose 3*u - k = w. What is the tens digit of u?
1
Suppose 2*n - r - 3*r - 50 = 0, -2*n + 23 = 5*r. Let t = 247 - 247. Suppose -3*g - n + 88 = t. What is the tens digit of g?
2
Let q(c) = 2*c**3 - 7*c**2 + 2*c - 10. Let i(x) = 5*x**3 - 13*x**2 + 4*x - 21. Let a(b) = 3*i(b) - 7*q(b). What is the tens digit of a(-8)?
5
Suppose 0 = 4*d + w - 12421, 2*d - 5*w = -d + 9287. What is the units digit of d?
4
Let g(m) = m**3 - 2*m**2 + 3*m - 1. Let w be ((-30)/25)/((-2)/5). Let k = 5 - w. What is the units digit of g(k)?
5
Let v(n) = -n**3 - 21*n**2 - n + 28. Let y be v(-21). Let i = y - 22. What is the tens digit of i?
2
Let k = 64 - 71. Let g = k - -43. What is the units digit of g?
6
Let j be 98/(-34) + 4/(-34). What is the units digit of ((-242)/(-4))/(-1)*6/j?
1
Let i(o) = -o**3 - 5*o**2 - 18*o + 4. What is the hundreds digit of i(-7)?
2
Suppose 2*w - 9*z - 2150 = -5*z, 0 = -w - 3*z + 1100. What is the units digit of w?
5
Suppose 0 = -3*j - 8*j + 1430. Let q = 253 - j. What is the hundreds digit of q?
1
Let p(k) = 57*k + 7. What is the hundreds digit of p(29)?
6
Let b(j) = -87*j + 2. Let p(w) = -w - 1. Let t(i) = -b(i) + 3*p(i). What is the units digit of t(2)?
3
Let j be (0/2)/(24/(-8)). Suppose -6*v + 316 + 14 = j. What is the tens digit of v?
5
Let d = 10 + -10. Suppose 5*z - 253 = 4*g - 85, d = -z - 2*g + 28. What is the units digit of (-40)/(-3) + z/48?
4
Suppose -99*z + 290520 = 36*z. What is the tens digit of z?
5
Let u = 11 - 15. Let l be (-2)/8 + (-13)/u. What is the units digit of (13 + -1)/(l/2)?
8
What is the tens digit of 2*((-27)/36 - 690/(-8))?
7
Let b(d) = -6*d + 61. What is the tens digit of b(-14)?
4
Suppose 0 = 10*a - 15*a + 15. Let f(l) = -5 + 3*l**2 - l**2 + 6*l + 3*l**2 - l**a. What is the tens digit of f(4)?
3
Let k = -15 + 13. Let d(i) = -i**3 - i**2 + 2*i + 2. What is the units digit of d(k)?
2
Let j(u) = u**3 - 5*u**2 - 11*u + 11. Let f be (-30)/12*32/(-10). What is the hundreds digit of j(f)?
1
Let y(r) = r**3 - 5*r**2 + 4*r - 23. Let g(h) = h**3 - 6*h**2 + 5*h - 22. Let v(o) = 4*g(o) - 5*y(o). Suppose 0 = -u + 2*u. What is the tens digit of v(u)?
2
Let v = -1 + 4. Let s be 2 - ((-144)/4)/v. Let z = s - 9. What is the units digit of z?
5
Let v(l) = -l**2 + 26*l - 28. Let x be (0 + -2)/(164/(-40) + 4). What is the units digit of v(x)?
2
Let f(s) = 5*s**2 + s. Suppose 3*w - 3*o = 54, 0 = -5*w - 5*o - 15 + 155. Let k = 25 - w. What is the tens digit of f(k)?
2
What is the hundreds digit of (4/(-14))/2 - 24450/(-42)?
5
Suppose 0 = 6*o - 2*o - 152. What is the units digit of o - (7 - (6 + -3))?
4
Let x be (-3 + (-10)/(-4))*-10. Let t be (-19)/x + 13/(-65). What is the units digit of 3 + (-2 - t*13)?
3
Suppose -8 = 2*a - 6. Let x(s) = s**2 - 11*s + 19. Let r(p) = -p - 1. Let b(z) = a*x(z) - 6*r(z). What is the tens digit of b(14)?
2
Let o = -70 - -74. Suppose 248 = y - 3*l, 1688 = o